D/ViewConsistency( 1957): AbsListView com.android.launcher.AllAppsGridView@405fc7b8 enabled= false
D/ViewConsistency( 1957): AbsListView com.android.launcher.AllAppsGridView@405fc7b8 enabled= false
D/HomeLoaders( 1957): load applications
D/HomeLoaders( 1957): --> applications loaded, return
D/HomeLoaders( 1957): loading user items in Thread[main,5,main]
D/HomeLoaders( 1957): --> items loaded, return
D/HomeLoaders( 1957): --> loading from cache: 13, 4
D/Launcher( 1957): ------> binding 13 items
D/Launcher( 1957): ------> binding 4 widgets
D/Launcher( 1957): ------> start binding items
D/ViewConsistency( 1957): AbsListView com.android.internal.app.AlertController$RecycleListView@4064e390 enabled= false
D/ViewConsistency( 1957): AbsListView com.android.internal.app.AlertController$RecycleListView@4064e390 enabled= false
D/ViewConsistency( 2198): AbsListView com.sonyericsson.android.textinput.view.PopupListView@4056f660 enabled= false
D/ViewConsistency( 2198): AbsListView com.sonyericsson.android.textinput.view.PopupListView@4056f660 enabled= false
W/SurfaceComposerClient( 1480): Destroying surface while a transaction is open. Client 0x2442a8: destroying surface 14, mTransactionOpen=1
D/dalvikvm( 2198): GC_CONCURRENT freed 543K, 49% free 3392K/6535K, external 1001K/1053K, paused 5ms+27ms
D/dalvikvm( 1957): GC_CONCURRENT freed 1170K, 48% free 4172K/7879K, external 2366K/2463K, paused 4ms+11ms
D/dalvikvm( 1480): GC_EXPLICIT freed 336K, 44% free 5277K/9351K, external 324K/812K, paused 467ms
I/ActivityManager( 1480): Starting: Intent { act=com.android.launcher.action.launcheraction flg=0x10000000 cmp=com.android.launcher/.CustomShirtcutActivity bnds=[8,126][72,181] (has extras) } from pid 1957
W/InputManagerService( 1480): Window already focused, ignoring focus gain of: com.android.internal.view.IInputMethodClient$Stub$Proxy@4088c428
I/WindowManager( 1480): Setting rotation to 0, animFlags=1
I/ActivityManager( 1480): Config changed: { scale=1.0 imsi=216/30 loc=hu_HU touch=3 keys=2/1/2 nav=1/1 orien=1 layout=17 uiMode=17 seq=17 themeResource=null}
D/ViewConsistency( 2198): AbsListView com.sonyericsson.android.textinput.keyboard.KeyListPopup@405f7b20 enabled= false
D/ViewConsistency( 2198): AbsListView com.sonyericsson.android.textinput.keyboard.KeyListPopup@405f7b20 enabled= false
D/HomeLoaders( 1957): aborting loaders
D/ViewConsistency( 2198): AbsListView com.sonyericsson.android.textinput.keyboard.KeyList@4063c598 enabled= false
D/ViewConsistency( 2198): AbsListView com.sonyericsson.android.textinput.keyboard.KeyList@4063c598 enabled= false
D/dalvikvm( 1957): GC_EXPLICIT freed 583K, 50% free 3996K/7879K, external 2205K/2463K, paused 145ms
D/ViewConsistency( 2198): AbsListView com.sonyericsson.android.textinput.view.PopupListView@4063ced0 enabled= false
D/ViewConsistency( 2198): AbsListView com.sonyericsson.android.textinput.view.PopupListView@4063ced0 enabled= false
D/dalvikvm( 2198): GC_CONCURRENT freed 512K, 49% free 3394K/6535K, external 1003K/1053K, paused 4ms+7ms
D/ViewConsistency( 1957): AbsListView com.android.launcher.AllAppsGridView@40638280 enabled= false
D/ViewConsistency( 1957): AbsListView com.android.launcher.AllAppsGridView@40638280 enabled= false
D/HomeLoaders( 1957): load applications
D/HomeLoaders( 1957): --> applications loaded, return
D/HomeLoaders( 1957): loading user items in Thread[main,5,main]
D/HomeLoaders( 1957): --> items loaded, return
D/HomeLoaders( 1957): --> loading from cache: 13, 4
D/Launcher( 1957): ------> binding 13 items
D/Launcher( 1957): ------> binding 4 widgets
D/Launcher( 1957): ------> start binding items
D/ViewConsistency( 1957): AbsListView com.android.internal.app.AlertController$RecycleListView@407b6108 enabled= false
D/ViewConsistency( 1957): AbsListView com.android.internal.app.AlertController$RecycleListView@407b6108 enabled= false
D/dalvikvm( 1957): GC_EXTERNAL_ALLOC freed 984K, 50% free 4001K/7879K, external 2263K/2269K, paused 73ms
W/SurfaceComposerClient( 1480): Destroying surface while a transaction is open. Client 0x2442a8: destroying surface 15, mTransactionOpen=1
I/ActivityManager( 1480): Starting: Intent { act=android.intent.action.MAIN cat=[android.intent.category.LAUNCHER] flg=0x10200000 cmp=com.android.settings/.Settings } from pid 1957
D/dalvikvm( 1480): GC_EXPLICIT freed 357K, 45% free 5197K/9351K, external 324K/812K, paused 156ms
I/dalvikvm( 1733): Jit: resizing JitTable from 1024 to 2048
D/dalvikvm( 1600): GC_EXPLICIT freed 175K, 55% free 3040K/6663K, external 1691K/1834K, paused 65ms
I/ActivityManager( 1480): Starting: Intent { act=android.intent.action.MAIN cmp=com.cyanogenmod.cmparts/.activities.MainActivity } from pid 1733
I/ActivityManager( 1480): Start proc com.cyanogenmod.cmparts for activity com.cyanogenmod.cmparts/.activities.MainActivity: pid=2219 uid=1000 gids={1015, 3002, 3001, 3003}
I/ActivityThread( 2219): Pub com.cyanogenmod.cmparts.provider.Settings: com.cyanogenmod.cmparts.provider.SettingsProvider
D/dalvikvm( 2219): GC_EXTERNAL_ALLOC freed 335K, 51% free 2734K/5575K, external 0K/0K, paused 59ms
D/ViewConsistency( 2219): AbsListView android.widget.ListView@4050f8c8 enabled= false
D/ViewConsistency( 2219): AbsListView android.widget.ListView@4050f8c8 enabled= false
W/InputManagerService( 1480): Starting input on non-focused client com.android.internal.view.IInputMethodClient$Stub$Proxy@407b2530 (uid=1000 pid=1733)
I/ActivityManager( 1480): Displayed com.cyanogenmod.cmparts/.activities.MainActivity: +450ms (total +14s361ms)
D/dalvikvm( 1733): GC_EXPLICIT freed 642K, 50% free 3304K/6535K, external 277K/513K, paused 121ms
D/dalvikvm( 2045): GC_EXPLICIT freed 447K, 46% free 3544K/6471K, external 470K/512K, paused 361ms
D/dalvikvm( 1957): GC_EXPLICIT freed 370K, 49% free 4036K/7879K, external 2213K/2572K, paused 310ms
D/dalvikvm( 1748): GC_EXPLICIT freed 15K, 53% free 2683K/5639K, external 0K/0K, paused 194ms
D/dalvikvm( 1967): GC_EXPLICIT freed 89K, 52% free 2944K/6023K, external 212K/519K, paused 256ms
I/power ( 1480): *** set_screen_state 0
D/SurfaceFlinger( 1480): About to give-up screen, flinger = 0xbdf58
D/dalvikvm( 1480): GC_EXTERNAL_ALLOC freed 483K, 44% free 5268K/9351K, external 809K/812K, paused 252ms
D/LockPatternKeyguardView( 1480): onScreenTurnedOn()
D/KeyguardViewMediator( 1480): wakeWhenReadyLocked(26)
I/power ( 1480): *** set_screen_state 1
D/LockPatternKeyguardView( 1480): onScreenTurnedOn()
D/SurfaceFlinger( 1480): Screen about to return, flinger = 0xbdf58
I/ChargAlg( 1240): USB connected: 1, AC connected: 0
W/Vold ( 1228): Ignoring unknown switch 'MSM72K_UDC'
W/Vold ( 1228): Ignoring unknown switch 'usb_mass_storage'
I/ChargAlg( 1240): USB maximum current: 500
D/Vold ( 1228): USB connected
D/Vold ( 1228): Share method ums now available
D/SettingsAppWidgetProvider( 1733): Call buildUpdate for widget:4
D/Tethering( 1480): sendTetherStateChangedBroadcast 1, 0, 0
D/Tethering( 1480): interfaceAdded :usb0
D/BluetoothNetworkService( 1480): updating tether state
D/BluetoothNetworkService( 1480): interface usb0
D/SettingsAppWidgetProvider( 1733): buildUpdate done for widget:4
I/ChargAlg( 1240): Safety timer updated to 60 min.
D/dalvikvm( 2219): GC_CONCURRENT freed 290K, 50% free 2852K/5639K, external 126K/513K, paused 4ms+4ms
W/InputManagerService( 1480): Window already focused, ignoring focus gain of: com.android.internal.view.IInputMethodClient$Stub$Proxy@4065d920
D/SettingsAppWidgetProvider( 1733): Call buildUpdate for widget:4
D/SettingsAppWidgetProvider( 1733): buildUpdate done for widget:4
I/ActivityManager( 1480): Starting: Intent { act=android.intent.action.MAIN cat=[android.intent.category.HOME] flg=0x10200000 cmp=com.android.launcher/.Launcher } from pid 1480
D/dalvikvm( 2219): GC_EXPLICIT freed 62K, 51% free 2792K/5639K, external 126K/513K, paused 173ms
D/dalvikvm( 1733): GC_EXPLICIT freed 108K, 51% free 3213K/6535K, external 277K/513K, paused 203ms
I/power ( 1480): *** set_screen_state 0
D/SurfaceFlinger( 1480): About to give-up screen, flinger = 0xbdf58
D/dalvikvm( 1480): GC_CONCURRENT freed 544K, 44% free 5253K/9351K, external 1119K/1322K, paused 64ms+17ms
D/dalvikvm( 1480): GC_EXTERNAL_ALLOC freed 60K, 44% free 5271K/9351K, external 823K/836K, paused 281ms
D/LockPatternKeyguardView( 1480): onScreenTurnedOn()
I/ChargAlg( 1240): Good charger detected. Charger can give enough current to charge battery