D/dalvikvm( 1723): GC_EXTERNAL_ALLOC freed 305K, 52% free 3025K/6279K, external 579K/615K, paused 50ms
D/dalvikvm( 1723): GC_EXTERNAL_ALLOC freed 303K, 52% free 3022K/6279K, external 579K/615K, paused 60ms
D/dalvikvm( 1723): GC_EXTERNAL_ALLOC freed 306K, 52% free 3019K/6279K, external 579K/615K, paused 162ms
D/dalvikvm( 1748): GC_EXPLICIT freed 75K, 53% free 2682K/5639K, external 0K/0K, paused 137ms
I/power ( 1480): *** set_screen_state 0
D/SurfaceFlinger( 1480): About to give-up screen, flinger = 0xbdf58
W/InputManagerService( 1480): Window already focused, ignoring focus gain of: com.android.internal.view.IInputMethodClient$Stub$Proxy@40781770
D/dalvikvm( 1723): GC_EXTERNAL_ALLOC freed 226K, 53% free 3013K/6279K, external 271K/615K, paused 49ms
D/dalvikvm( 1723): GC_EXTERNAL_ALLOC freed 35K, 53% free 3007K/6279K, external 661K/1131K, paused 48ms
D/MediaMetadataRetrieverJNI( 1723): Create a rotation matrix: 90 degrees
D/dalvikvm( 1723): GC_EXTERNAL_ALLOC freed 30K, 53% free 3006K/6279K, external 661K/1219K, paused 49ms
I/power ( 1480): *** set_screen_state 1
D/SurfaceFlinger( 1480): Screen about to return, flinger = 0xbdf58
D/MediaMetadataRetrieverJNI( 1723): Create a rotation matrix: 90 degrees
D/dalvikvm( 1723): GC_EXTERNAL_ALLOC freed 30K, 53% free 3005K/6279K, external 661K/1219K, paused 49ms
D/dalvikvm( 1723): GC_EXTERNAL_ALLOC freed 31K, 53% free 3004K/6279K, external 661K/1219K, paused 51ms
I/WindowManager( 1480): Setting rotation to 1, animFlags=1
I/ActivityManager( 1480): Config changed: { scale=1.0 imsi=216/30 loc=hu_HU touch=3 keys=2/1/1 nav=1/1 orien=2 layout=17 uiMode=17 seq=6 themeResource=null}
D/HomeLoaders( 1957): aborting loaders
D/dalvikvm( 1957): GC_EXPLICIT freed 244K, 48% free 3364K/6407K, external 1764K/1918K, paused 74ms
D/ViewConsistency( 1957): AbsListView com.android.launcher.AllAppsGridView@405f61a0 enabled= false
D/ViewConsistency( 1957): AbsListView com.android.launcher.AllAppsGridView@405f61a0 enabled= false
D/HomeLoaders( 1957): load applications
D/HomeLoaders( 1957): --> applications loaded, return
D/HomeLoaders( 1957): loading user items in Thread[main,5,main]
D/HomeLoaders( 1957): --> items loaded, return
D/HomeLoaders( 1957): --> loading from cache: 12, 3
D/Launcher( 1957): ------> binding 12 items
D/Launcher( 1957): ------> binding 3 widgets
D/Launcher( 1957): ------> start binding items
D/ViewConsistency( 1957): AbsListView com.android.internal.app.AlertController$RecycleListView@40631db8 enabled= false
D/ViewConsistency( 1957): AbsListView com.android.internal.app.AlertController$RecycleListView@40631db8 enabled= false
D/dalvikvm( 1957): GC_CONCURRENT freed 703K, 48% free 3485K/6663K, external 1656K/1799K, paused 4ms+7ms
W/SurfaceComposerClient( 1480): Destroying surface while a transaction is open. Client 0x2442a8: destroying surface 5, mTransactionOpen=1
D/dalvikvm( 1723): GC_EXTERNAL_ALLOC freed 33K, 53% free 3003K/6279K, external 661K/1219K, paused 59ms
D/dalvikvm( 1480): GC_EXPLICIT freed 575K, 45% free 5197K/9351K, external 555K/1067K, paused 107ms
D/dalvikvm( 1723): GC_EXTERNAL_ALLOC freed 361K, 52% free 3050K/6279K, external 913K/1219K, paused 49ms
D/dalvikvm( 1723): GC_EXTERNAL_ALLOC freed 151K, 53% free 3007K/6279K, external 571K/579K, paused 49ms
D/dalvikvm( 1723): GC_EXTERNAL_ALLOC freed 102K, 53% free 3001K/6279K, external 571K/615K, paused 51ms
D/dalvikvm( 1723): GC_EXTERNAL_ALLOC freed 94K, 53% free 2998K/6279K, external 571K/615K, paused 49ms
E/MetadataRetrieverClient( 1233): failed to extract an album art
E/MetadataRetrieverClient( 1233): failed to extract an album art
E/MetadataRetrieverClient( 1233): failed to extract an album art
D/dalvikvm( 1723): GC_EXTERNAL_ALLOC freed 122K, 53% free 2989K/6279K, external 572K/615K, paused 48ms
E/MetadataRetrieverClient( 1233): failed to extract an album art
E/MetadataRetrieverClient( 1233): failed to extract an album art
E/MetadataRetrieverClient( 1233): failed to extract an album art
E/MetadataRetrieverClient( 1233): failed to extract an album art
E/MetadataRetrieverClient( 1233): failed to extract an album art
E/MetadataRetrieverClient( 1233): failed to extract an album art
E/MetadataRetrieverClient( 1233): failed to extract an album art
E/MetadataRetrieverClient( 1233): failed to extract an album art
E/MetadataRetrieverClient( 1233): failed to extract an album art
E/MetadataRetrieverClient( 1233): failed to extract an album art
E/MetadataRetrieverClient( 1233): failed to extract an album art
E/MetadataRetrieverClient( 1233): failed to extract an album art
E/MetadataRetrieverClient( 1233): failed to extract an album art
E/MetadataRetrieverClient( 1233): failed to extract an album art
E/MetadataRetrieverClient( 1233): failed to extract an album art
E/MetadataRetrieverClient( 1233): failed to extract an album art
E/MetadataRetrieverClient( 1233): failed to extract an album art
I/ActivityManager( 1480): Starting: Intent { act=android.intent.action.MAIN cat=[android.intent.category.LAUNCHER] flg=0x10200000 cmp=com.android.contacts/.DialtactsActivity bnds=[75,126][139,181] } from pid 1957
D/ViewConsistency( 2045): AbsListView android.widget.ListView@405d9c90 enabled= false
D/ViewConsistency( 2045): AbsListView android.widget.ListView@405d9c90 enabled= true
D/ViewConsistency( 2045): AbsListView android.widget.ListView@405e7f50 enabled= false
D/ViewConsistency( 2045): AbsListView android.widget.ListView@405e7f50 enabled= true
D/ViewConsistency( 2045): AbsListView android.widget.ListView@4053ed98 enabled= false
D/ViewConsistency( 2045): AbsListView android.widget.ListView@4053ed98 enabled= false
I/ActivityManager( 1480): Displayed com.android.contacts/.DialtactsActivity: +652ms
I/ContactsListActivity( 2045): Called with action: com.android.contacts.action.LIST_DEFAULT
D/ViewConsistency( 2045): AbsListView com.android.contacts.PinnedHeaderListView@4060b618 enabled= false
D/ViewConsistency( 2045): AbsListView com.android.contacts.PinnedHeaderListView@4060b618 enabled= false
D/dalvikvm( 2045): GC_CONCURRENT freed 331K, 46% free 3440K/6279K, external 464K/512K, paused 5ms+9ms
I/ActivityManager( 1480): Starting: Intent { act=android.intent.action.MAIN cat=[android.intent.category.HOME] flg=0x10200000 cmp=com.android.launcher/.Launcher } from pid 1480
D/PhoneWindow( 2045): couldn't save which view has focus because the focused view com.android.internal.policy.impl.PhoneWindow$DecorView@4060a610 has no id.
D/ViewConsistency( 1957): AbsListView com.android.internal.app.AlertController$RecycleListView@40593af0 enabled= false
D/ViewConsistency( 1957): AbsListView com.android.internal.app.AlertController$RecycleListView@40593af0 enabled= false
W/InputManagerService( 1480): Window already focused, ignoring focus gain of: com.android.internal.view.IInputMethodClient$Stub$Proxy@4054f0a0
I/ActivityManager( 1480): Starting: Intent { act=com.android.launcher.action.launcheraction flg=0x10000000 cmp=com.android.launcher/.CustomShirtcutActivity bnds=[8,126][72,181] (has extras) } from pid 1957
D/dalvikvm( 1957): GC_CONCURRENT freed 564K, 46% free 3634K/6727K, external 1799K/1799K, paused 5ms+8ms
D/dalvikvm( 1957): GC_EXTERNAL_ALLOC freed 61K, 47% free 3573K/6727K, external 1683K/1799K, paused 59ms
W/InputManagerService( 1480): Window already focused, ignoring focus gain of: com.android.internal.view.IInputMethodClient$Stub$Proxy@406de6d0
I/ActivityManager( 1480): Starting: Intent { act=android.intent.action.MAIN cat=[android.intent.category.LAUNCHER] flg=0x10200000 cmp=com.android.settings/.Settings } from pid 1957
D/ViewConsistency( 1733): AbsListView android.widget.ListView@4055a290 enabled= false
D/ViewConsistency( 1733): AbsListView android.widget.ListView@4055a290 enabled= false
I/ActivityManager( 1480): Starting: Intent { act=android.intent.action.MAIN cmp=com.android.settings/.WirelessSettings } from pid 1733
D/ViewConsistency( 1733): AbsListView android.widget.ListView@4059dcc0 enabled= false
D/ViewConsistency( 1733): AbsListView android.widget.ListView@4059dcc0 enabled= false
V/NFC ( 1733): this device does not have NFC support
I/ActivityManager( 1480): Displayed com.android.settings/.WirelessSettings: +444ms (total +6s794ms)
I/ActivityManager( 1480): Starting: Intent { act=android.intent.action.MAIN cmp=com.android.phone/.Settings } from pid 1733
D/dalvikvm( 1480): GC_CONCURRENT freed 654K, 45% free 5199K/9351K, external 555K/1067K, paused 6ms+16ms
D/ViewConsistency( 1610): AbsListView android.widget.ListView@405f2d80 enabled= false
D/ViewConsistency( 1610): AbsListView android.widget.ListView@405f2d80 enabled= false
I/Use2GOnlyCheckBoxPreference( 1610): get preferred network type=1
I/ActivityManager( 1480): Displayed com.android.phone/.Settings: +537ms
D/GsmUmtsOptions( 1610): preferenceTreeClick: return false
D/NetworkSettings( 1610): onPreferenceTreeClick: preference == mButtonDataEnabled.
D/SettingsAppWidgetProvider( 1733): Widget is from a previous version... Let's update
D/SettingsAppWidgetProvider( 1733): No instances yet... Wait for at least one instance to exist before adding global settings
I/ActivityManager( 1480): Starting: Intent { act=android.intent.action.MAIN cat=[android.intent.category.HOME] flg=0x10200000 cmp=com.android.launcher/.Launcher } from pid 1480
W/InputManagerService( 1480): Starting input on non-focused client com.android.internal.view.IInputMethodClient$Stub$Proxy@407745f0 (uid=1001 pid=1610)
D/dalvikvm( 1957): GC_EXTERNAL_ALLOC freed 88K, 47% free 3587K/6727K, external 1797K/1799K, paused 71ms
I/ActivityManager( 1480): Starting: Intent { act=android.appwidget.action.APPWIDGET_PICK cmp=com.android.settings/.AppWidgetPickActivity (has extras) } from pid 1957
W/InputManagerService( 1480): Window already focused, ignoring focus gain of: com.android.internal.view.IInputMethodClient$Stub$Proxy@40810988
D/dalvikvm( 1733): GC_CONCURRENT freed 253K, 46% free 3255K/6023K, external 351K/513K, paused 5ms+10ms
D/ViewConsistency( 1733): AbsListView com.android.internal.app.AlertController$RecycleListView@405553a8 enabled= false
D/ViewConsistency( 1733): AbsListView com.android.internal.app.AlertController$RecycleListView@405553a8 enabled= false
I/ActivityManager( 1480): Displayed com.android.settings/.AppWidgetPickActivity: +1s292ms
W/InputManagerService( 1480): Window already focused, ignoring focus gain of: com.android.internal.view.IInputMethodClient$Stub$Proxy@407bf860
I/ActivityManager( 1480): Starting: Intent { act=android.appwidget.action.APPWIDGET_CONFIGURE cmp=com.android.settings/.widget.WidgetSettings (has extras) } from pid 1957
D/SettingsAppWidgetProvider( 1733): Widget is from a previous version... Let's update
D/SettingsAppWidgetProvider( 1733): Will set widget 4 to default settings
D/dalvikvm( 1733): GC_CONCURRENT freed 569K, 49% free 3234K/6279K, external 320K/513K, paused 9ms+9ms
D/SettingsAppWidgetProvider( 1733): Call buildUpdate for widget:4
D/SettingsAppWidgetProvider( 1733): buildUpdate done for widget:4
I/dalvikvm( 1733): Jit: resizing JitTable from 512 to 1024
D/WidgetSettings: ( 1733): create preference for widget_4
D/dalvikvm( 1733): GC_CONCURRENT freed 178K, 45% free 3477K/6279K, external 389K/513K, paused 5ms+1222ms
D/dalvikvm( 1480): GC_CONCURRENT freed 702K, 44% free 5273K/9351K, external 555K/1067K, paused 6ms+10ms
I/ActivityManager( 1480): Displayed com.android.settings/.widget.WidgetSettings: +3s124ms
D/WidgetSettings: ( 1733): Will save widget_4
D/SettingsAppWidgetProvider( 1733): Call buildUpdate for widget:4
D/SettingsAppWidgetProvider( 1733): buildUpdate done for widget:4
I/dalvikvm( 1957): Jit: resizing JitTable from 1024 to 2048
D/HomeLoaders( 1957): application intent received: android.intent.action.PACKAGE_CHANGED, replacing=false
D/HomeLoaders( 1957): --> package:com.android.settings
D/HomeLoaders( 1957): --> sync package com.android.settings
D/VoiceDialerReceiver( 1868): onReceive Intent { act=android.intent.action.PACKAGE_CHANGED dat=package:com.android.settings flg=0x10000000 cmp=com.android.voicedialer/.VoiceDialerReceiver (has extras) }
V/RecognizerEngine( 1868): deleteCachedGrammarFiles /data/data/com.android.voicedialer/files/openentries.txt
D/dalvikvm( 1733): GC_CONCURRENT freed 431K, 46% free 3465K/6407K, external 395K/513K, paused 6ms+5ms
D/SettingsAppWidgetProvider( 1733): Call buildUpdate for widget:4
D/SettingsAppWidgetProvider( 1733): buildUpdate done for widget:4
D/SettingsAppWidgetProvider( 1733): Call buildUpdate for widget:4
D/SettingsAppWidgetProvider( 1733): buildUpdate done for widget:4
D/dalvikvm( 1480): GC_CONCURRENT freed 767K, 45% free 5236K/9351K, external 555K/1067K, paused 6ms+10ms
D/SettingsAppWidgetProvider( 1733): Call buildUpdate for widget:4
D/SettingsAppWidgetProvider( 1733): buildUpdate done for widget:4
I/WindowManager( 1480): Setting rotation to 0, animFlags=1
I/ActivityManager( 1480): Config changed: { scale=1.0 imsi=216/30 loc=hu_HU touch=3 keys=2/1/2 nav=1/1 orien=1 layout=17 uiMode=17 seq=7 themeResource=null}
I/power ( 1480): *** set_screen_state 0
D/SurfaceFlinger( 1480): About to give-up screen, flinger = 0xbdf58
D/HomeLoaders( 1957): aborting loaders
D/dalvikvm( 1957): GC_EXPLICIT freed 487K, 46% free 3675K/6727K, external 2071K/2203K, paused 340ms
D/ViewConsistency( 1957): AbsListView com.android.launcher.AllAppsGridView@4065d0e0 enabled= false
W/ActivityManager( 1480): Activity pause timeout for HistoryRecord{408e1978 com.android.launcher/.Launcher}
D/ViewConsistency( 1957): AbsListView com.android.launcher.AllAppsGridView@4065d0e0 enabled= false
D/HomeLoaders( 1957): load applications
D/HomeLoaders( 1957): --> applications loaded, return
D/HomeLoaders( 1957): loading user items in Thread[main,5,main]
D/HomeLoaders( 1957): --> items loaded, return
D/HomeLoaders( 1957): --> loading from cache: 13, 4
D/Launcher( 1957): ------> binding 13 items
D/Launcher( 1957): ------> binding 4 widgets
D/Launcher( 1957): ------> start binding items
D/ViewConsistency( 1957): AbsListView com.android.internal.app.AlertController$RecycleListView@405fab88 enabled= false
D/ViewConsistency( 1957): AbsListView com.android.internal.app.AlertController$RecycleListView@405fab88 enabled= false
D/dalvikvm( 1957): GC_CONCURRENT freed 908K, 48% free 3741K/7175K, external 1948K/2052K, paused 5ms+17ms
I/power ( 1480): *** set_screen_state 1
E/Sensors ( 1480): Couldn't open /dev/akm8975_aot (No such file or directory)
E/Sensors ( 1480): ECS_IOCTL_APP_SET_XXX failed (Bad file number)
E/SensorService( 1480): Error activating sensor 0 (Bad file number)
W/SurfaceComposerClient( 1480): Destroying surface while a transaction is open. Client 0x2442a8: destroying surface 6, mTransactionOpen=1
D/SurfaceFlinger( 1480): Screen about to return, flinger = 0xbdf58
D/dalvikvm( 1480): GC_EXPLICIT freed 313K, 45% free 5192K/9351K, external 555K/1067K, paused 359ms
I/WindowManager( 1480): Setting rotation to 1, animFlags=1
I/ActivityManager( 1480): Config changed: { scale=1.0 imsi=216/30 loc=hu_HU touch=3 keys=2/1/1 nav=1/1 orien=2 layout=17 uiMode=17 seq=8 themeResource=null}
D/HomeLoaders( 1957): aborting loaders
D/dalvikvm( 1957): GC_EXPLICIT freed 318K, 47% free 3827K/7175K, external 1868K/2052K, paused 84ms
D/ViewConsistency( 1957): AbsListView com.android.launcher.AllAppsGridView@406b8538 enabled= false
D/ViewConsistency( 1957): AbsListView com.android.launcher.AllAppsGridView@406b8538 enabled= false
D/HomeLoaders( 1957): load applications
D/HomeLoaders( 1957): --> applications loaded, return
D/HomeLoaders( 1957): loading user items in Thread[main,5,main]
D/HomeLoaders( 1957): --> items loaded, return
D/HomeLoaders( 1957): --> loading from cache: 13, 4
D/Launcher( 1957): ------> binding 13 items
D/Launcher( 1957): ------> binding 4 widgets
D/Launcher( 1957): ------> start binding items
D/dalvikvm( 1957): GC_EXTERNAL_ALLOC freed 488K, 47% free 3853K/7175K, external 2048K/2052K, paused 67ms
D/ViewConsistency( 1957): AbsListView com.android.internal.app.AlertController$RecycleListView@405bfb80 enabled= false
D/ViewConsistency( 1957): AbsListView com.android.internal.app.AlertController$RecycleListView@405bfb80 enabled= false
W/SurfaceComposerClient( 1480): Destroying surface while a transaction is open. Client 0x2442a8: destroying surface 7, mTransactionOpen=1
D/dalvikvm( 1967): GC_CONCURRENT freed 421K, 52% free 2746K/5703K, external 0K/0K, paused 13ms+13ms
D/dalvikvm( 1480): GC_EXPLICIT freed 80K, 45% free 5183K/9351K, external 555K/1067K, paused 94ms
I/WindowManager( 1480): Setting rotation to 0, animFlags=1
I/ActivityManager( 1480): Config changed: { scale=1.0 imsi=216/30 loc=hu_HU touch=3 keys=2/1/2 nav=1/1 orien=1 layout=17 uiMode=17 seq=9 themeResource=null}
D/HomeLoaders( 1957): aborting loaders
D/dalvikvm( 1907): GC_CONCURRENT freed 406K, 53% free 2698K/5639K, external 0K/0K, paused 4ms+15ms
I/ActivityManager( 1480): Process com.android.mms (pid 1826) has died.
D/dalvikvm( 1957): GC_EXPLICIT freed 676K, 45% free 4043K/7239K, external 2190K/2472K, paused 225ms
D/ViewConsistency( 1957): AbsListView com.android.launcher.AllAppsGridView@405ad768 enabled= false
D/ViewConsistency( 1957): AbsListView com.android.launcher.AllAppsGridView@405ad768 enabled= false
D/HomeLoaders( 1957): load applications
D/HomeLoaders( 1957): --> applications loaded, return
D/HomeLoaders( 1957): loading user items in Thread[main,5,main]
D/HomeLoaders( 1957): --> items loaded, return
D/HomeLoaders( 1957): --> loading from cache: 13, 4
D/Launcher( 1957): ------> binding 13 items
D/Launcher( 1957): ------> binding 4 widgets
D/Launcher( 1957): ------> start binding items
D/ViewConsistency( 1957): AbsListView com.android.internal.app.AlertController$RecycleListView@40700238 enabled= false
D/ViewConsistency( 1957): AbsListView com.android.internal.app.AlertController$RecycleListView@40700238 enabled= false
W/SurfaceComposerClient( 1480): Destroying surface while a transaction is open. Client 0x2442a8: destroying surface 8, mTransactionOpen=1
D/dalvikvm( 1957): GC_CONCURRENT freed 1240K, 48% free 4037K/7751K, external 2202K/2299K, paused 5ms+10ms
D/dalvikvm( 1957): GC_EXTERNAL_ALLOC freed 250K, 49% free 3963K/7751K, external 2279K/2299K, paused 69ms
D/dalvikvm( 1480): GC_EXPLICIT freed 182K, 45% free 5177K/9351K, external 555K/1067K, paused 96ms
I/WindowManager( 1480): Setting rotation to 1, animFlags=1
I/ActivityManager( 1480): Config changed: { scale=1.0 imsi=216/30 loc=hu_HU touch=3 keys=2/1/1 nav=1/1 orien=2 layout=17 uiMode=17 seq=10 themeResource=null}
D/HomeLoaders( 1957): aborting loaders
D/dalvikvm( 1957): GC_EXPLICIT freed 16K, 49% free 3957K/7751K, external 2489K/2908K, paused 64ms
I/TelephonyRegistry( 1480): notifyDataConnection: state=0 isDataConnectivityPossible=true reason=dataDisabled interfaceName=null networkType=2
D/NetUtils( 1480): failed to remove default route for rmnet0: No such process
D/GTalkService( 1645): lost connectivity, notify
D/Tethering( 1480): MasterInitialState.processMessage what=3
D/CMStats ( 1748): CONNECTIVITY_ACTION: noConnectivity = true
I/MediaUploader( 1924): No need to wake up
D/ViewConsistency( 1957): AbsListView com.android.launcher.AllAppsGridView@40593560 enabled= false
D/ViewConsistency( 1957): AbsListView com.android.launcher.AllAppsGridView@40593560 enabled= false
D/HomeLoaders( 1957): load applications
D/HomeLoaders( 1957): --> applications loaded, return
D/HomeLoaders( 1957): loading user items in Thread[main,5,main]
D/HomeLoaders( 1957): --> items loaded, return
D/HomeLoaders( 1957): --> loading from cache: 13, 4
D/Launcher( 1957): ------> binding 13 items
D/Launcher( 1957): ------> binding 4 widgets
D/Launcher( 1957): ------> start binding items
D/ViewConsistency( 1957): AbsListView com.android.internal.app.AlertController$RecycleListView@406473c8 enabled= false
D/ViewConsistency( 1957): AbsListView com.android.internal.app.AlertController$RecycleListView@406473c8 enabled= false
W/SurfaceComposerClient( 1480): Destroying surface while a transaction is open. Client 0x2442a8: destroying surface 9, mTransactionOpen=1
D/dalvikvm( 1957): GC_CONCURRENT freed 1148K, 48% free 4074K/7751K, external 2183K/2280K, paused 4ms+10ms
D/dalvikvm( 1480): GC_EXPLICIT freed 240K, 45% free 5176K/9351K, external 555K/1067K, paused 164ms
D/SettingsAppWidgetProvider( 1733): Call buildUpdate for widget:4
D/SettingsAppWidgetProvider( 1733): buildUpdate done for widget:4
I/WindowManager( 1480): Setting rotation to 0, animFlags=1
I/ActivityManager( 1480): Config changed: { scale=1.0 imsi=216/30 loc=hu_HU touch=3 keys=2/1/2 nav=1/1 orien=1 layout=17 uiMode=17 seq=11 themeResource=null}
I/power ( 1480): *** set_screen_state 0
D/HomeLoaders( 1957): aborting loaders
D/SurfaceFlinger( 1480): About to give-up screen, flinger = 0xbdf58
D/dalvikvm( 1957): GC_EXPLICIT freed 249K, 48% free 4041K/7751K, external 2092K/2280K, paused 313ms
D/ViewConsistency( 1957): AbsListView com.android.launcher.AllAppsGridView@405cb068 enabled= false
D/ViewConsistency( 1957): AbsListView com.android.launcher.AllAppsGridView@405cb068 enabled= false
D/HomeLoaders( 1957): load applications
D/HomeLoaders( 1957): --> applications loaded, return
D/HomeLoaders( 1957): loading user items in Thread[main,5,main]
D/HomeLoaders( 1957): --> items loaded, return
D/HomeLoaders( 1957): --> loading from cache: 13, 4
D/Launcher( 1957): ------> binding 13 items
D/Launcher( 1957): ------> binding 4 widgets
D/Launcher( 1957): ------> start binding items
W/ActivityManager( 1480): Activity pause timeout for HistoryRecord{408e1978 com.android.launcher/.Launcher}
D/ViewConsistency( 1957): AbsListView com.android.internal.app.AlertController$RecycleListView@4073b3e8 enabled= false
D/ViewConsistency( 1957): AbsListView com.android.internal.app.AlertController$RecycleListView@4073b3e8 enabled= false
I/power ( 1480): *** set_screen_state 1
W/SurfaceComposerClient( 1480): Destroying surface while a transaction is open. Client 0x2442a8: destroying surface 10, mTransactionOpen=1
D/SurfaceFlinger( 1480): Screen about to return, flinger = 0xbdf58
D/dalvikvm( 1957): GC_CONCURRENT freed 1130K, 48% free 4071K/7751K, external 2196K/2280K, paused 5ms+17ms
D/dalvikvm( 1981): GC_CONCURRENT freed 415K, 53% free 2702K/5639K, external 0K/0K, paused 8ms+34ms
D/dalvikvm( 1957): GC_EXTERNAL_ALLOC freed 286K, 49% free 4009K/7751K, external 2211K/2280K, paused 81ms
D/dalvikvm( 1480): GC_EXPLICIT freed 154K, 45% free 5176K/9351K, external 555K/1067K, paused 94ms
I/ActivityManager( 1480): Starting: Intent { act=com.android.launcher.action.launcheraction flg=0x10000000 cmp=com.android.launcher/.CustomShirtcutActivity bnds=[2,150][58,209] (has extras) } from pid 1957
W/InputManagerService( 1480): Window already focused, ignoring focus gain of: com.android.internal.view.IInputMethodClient$Stub$Proxy@40870ff0
I/ActivityManager( 1480): Starting: Intent { act=android.intent.action.MAIN cat=[android.intent.category.LAUNCHER] flg=0x10200000 cmp=com.android.settings/.Settings } from pid 1957
D/ViewConsistency( 1733): AbsListView android.widget.ListView@40619710 enabled= false
D/ViewConsistency( 1733): AbsListView android.widget.ListView@40619710 enabled= false
D/dalvikvm( 1733): GC_CONCURRENT freed 476K, 47% free 3399K/6407K, external 326K/513K, paused 4ms+10ms
I/power ( 1480): *** set_screen_state 0
D/SurfaceFlinger( 1480): About to give-up screen, flinger = 0xbdf58
D/dalvikvm( 1480): GC_EXTERNAL_ALLOC freed 208K, 44% free 5252K/9351K, external 1063K/1067K, paused 95ms
D/LockPatternKeyguardView( 1480): onScreenTurnedOn()
I/ActivityManager( 1480): Process com.cooliris.media (pid 1915) has died.
D/dalvikvm( 1868): GC_EXPLICIT freed 376K, 52% free 2686K/5575K, external 0K/0K, paused 142ms
D/KeyguardViewMediator( 1480): wakeWhenReadyLocked(26)
I/power ( 1480): *** set_screen_state 1
E/Sensors ( 1480): Couldn't open /dev/akm8975_aot (No such file or directory)
E/Sensors ( 1480): ECS_IOCTL_APP_SET_XXX failed (Bad file number)
E/SensorService( 1480): Error activating sensor 0 (Bad file number)
D/LockPatternKeyguardView( 1480): onScreenTurnedOn()
D/SurfaceFlinger( 1480): Screen about to return, flinger = 0xbdf58
D/SettingsAppWidgetProvider( 1733): Call buildUpdate for widget:4
D/SettingsAppWidgetProvider( 1733): buildUpdate done for widget:4
W/InputManagerService( 1480): Window already focused, ignoring focus gain of: com.android.internal.view.IInputMethodClient$Stub$Proxy@4051b820
D/dalvikvm( 1645): GC_CONCURRENT freed 460K, 52% free 3190K/6599K, external 198K/512K, paused 6ms+47ms
D/dalvikvm( 1907): GC_EXPLICIT freed 2K, 53% free 2697K/5639K, external 0K/0K, paused 113ms
I/ActivityManager( 1480): Starting: Intent { act=android.intent.action.MAIN cmp=com.android.settings/.ProfileList } from pid 1733
D/ViewConsistency( 1733): AbsListView android.widget.ListView@405a3f98 enabled= false
D/ViewConsistency( 1733): AbsListView android.widget.ListView@405a3f98 enabled= false
I/ProfilePreference( 1733): ID: 999d72b6-beaf-48af-a0e1-0d5b154b72af :true
D/dalvikvm( 1480): GC_CONCURRENT freed 585K, 44% free 5241K/9351K, external 1344K/1568K, paused 6ms+9ms
I/ActivityManager( 1480): Displayed com.android.settings/.ProfileList: +378ms (total +22s932ms)
W/KeyCharacterMap( 1733): No keyboard for id 0
W/KeyCharacterMap( 1733): Using default keymap: /system/usr/keychars/qwerty.kcm.bin
I/ActivityManager( 1480): Starting: Intent { act=android.intent.action.MAIN cmp=com.android.settings/.DisplaySettings } from pid 1733
D/ViewConsistency( 1733): AbsListView android.widget.ListView@405ea3e0 enabled= false
D/ViewConsistency( 1733): AbsListView android.widget.ListView@405ea3e0 enabled= false
D/dalvikvm( 1733): GC_CONCURRENT freed 268K, 45% free 3549K/6407K, external 388K/513K, paused 8ms+16ms
I/ActivityManager( 1480): Displayed com.android.settings/.DisplaySettings: +455ms
I/WindowManager( 1480): Setting rotation to 1, animFlags=1
I/ActivityManager( 1480): Config changed: { scale=1.0 imsi=216/30 loc=hu_HU touch=3 keys=2/1/1 nav=1/1 orien=2 layout=17 uiMode=17 seq=12 themeResource=null}
D/ViewConsistency( 1733): AbsListView android.widget.ListView@40595a40 enabled= false
D/ViewConsistency( 1733): AbsListView android.widget.ListView@40595a40 enabled= false
W/SurfaceComposerClient( 1480): Destroying surface while a transaction is open. Client 0x2442a8: destroying surface 11, mTransactionOpen=1
D/dalvikvm( 1480): GC_EXPLICIT freed 225K, 45% free 5232K/9351K, external 555K/1067K, paused 177ms
I/WindowManager( 1480): Setting rotation to 0, animFlags=1
I/ActivityManager( 1480): Config changed: { scale=1.0 imsi=216/30 loc=hu_HU touch=3 keys=2/1/2 nav=1/1 orien=1 layout=17 uiMode=17 seq=13 themeResource=null}
D/ViewConsistency( 1733): AbsListView android.widget.ListView@40565258 enabled= false
D/ViewConsistency( 1733): AbsListView android.widget.ListView@40565258 enabled= false
D/dalvikvm( 1733): GC_CONCURRENT freed 565K, 47% free 3495K/6535K, external 336K/513K, paused 4ms+6ms
W/SurfaceComposerClient( 1480): Destroying surface while a transaction is open. Client 0x2442a8: destroying surface 12, mTransactionOpen=1
D/dalvikvm( 1480): GC_EXPLICIT freed 167K, 45% free 5234K/9351K, external 555K/1067K, paused 178ms
W/KeyCharacterMap( 1733): No keyboard for id 0
W/KeyCharacterMap( 1733): Using default keymap: /system/usr/keychars/qwerty.kcm.bin
I/ActivityManager( 1480): Starting: Intent { act=android.intent.action.MAIN cat=[android.intent.category.HOME] flg=0x10200000 cmp=com.android.launcher/.Launcher } from pid 1480
I/HeadsetService( 1684): Phone status idle: enable DSP.
I/Effect-BassBoost( 1233): New strength: 0
I/Effect-Equalizer( 1233): Setting band 2 to 0
I/Effect-Equalizer( 1233): Setting band 2 to 1
I/Effect-Equalizer( 1233): Setting band 2 to 2
I/Effect-Equalizer( 1233): Setting band 2 to 3
I/Effect-Equalizer( 1233): Setting band 2 to 4
I/Effect-Equalizer( 1233): Setting loudness correction reference to 100.000000 dB
I/ActivityManager( 1480): moveTaskToBack: 10
I/AudioService( 1480): AudioFocus abandonAudioFocus() from AudioFocus_For_Phone_Ring_And_Calls
D/AccelerometerListener( 1610): enable(false)
D/AudioHardwareInterface( 1233): setMode(NORMAL)
D/AudioFlinger( 1233): setParameters(): io 1, keyvalue routing=1, tid 1363, calling tid 1233
D/dalvikvm( 1924): GC_EXPLICIT freed 21K, 52% free 2701K/5575K, external 0K/0K, paused 206ms
I/ActivityManager( 1480): Starting: Intent { act=android.intent.action.MAIN cat=[android.intent.category.LAUNCHER] flg=0x10200000 cmp=com.android.contacts/.DialtactsActivity bnds=[62,150][118,209] } from pid 1957
D/ViewConsistency( 2045): AbsListView android.widget.ListView@40521b40 enabled= false
D/ViewConsistency( 2045): AbsListView android.widget.ListView@40521b40 enabled= true
D/ViewConsistency( 2045): AbsListView android.widget.ListView@4052b398 enabled= false
D/ViewConsistency( 2045): AbsListView android.widget.ListView@4052b398 enabled= true
D/ViewConsistency( 2045): AbsListView android.widget.ListView@405be178 enabled= false
D/ViewConsistency( 2045): AbsListView android.widget.ListView@405be178 enabled= false
I/ContactsListActivity( 2045): Called with action: com.android.contacts.action.LIST_DEFAULT
D/ViewConsistency( 2045): AbsListView com.android.contacts.PinnedHeaderListView@405b3b78 enabled= false
D/ViewConsistency( 2045): AbsListView com.android.contacts.PinnedHeaderListView@405b3b78 enabled= false
D/ViewConsistency( 2045): AbsListView android.widget.ListView@40625080 enabled= false
D/ViewConsistency( 2045): AbsListView android.widget.ListView@40625080 enabled= false
I/ActivityManager( 1480): Starting: Intent { dat=content://call_log/calls/1 cmp=com.android.contacts/.CallDetailActivity (has extras) } from pid 2045
D/ViewConsistency( 2045): AbsListView android.widget.ListView@40632f10 enabled= false
D/ViewConsistency( 2045): AbsListView android.widget.ListView@40632f10 enabled= false
D/dalvikvm( 2045): GC_CONCURRENT freed 298K, 44% free 3651K/6471K, external 478K/512K, paused 5ms+17ms
I/ActivityManager( 1480): Displayed com.android.contacts/.CallDetailActivity: +434ms
W/KeyCharacterMap( 2045): No keyboard for id 0
W/KeyCharacterMap( 2045): Using default keymap: /system/usr/keychars/qwerty.kcm.bin
D/AudioFlinger( 1233): setParameters(): io 1, keyvalue routing=2, tid 1363, calling tid 1233
W/AudioFlinger( 1233): write blocked for 257 msecs, 3 delayed writes, thread 0xd210
D/dalvikvm( 1967): GC_EXPLICIT freed 22K, 52% free 2743K/5703K, external 0K/0K, paused 203ms
D/dalvikvm( 1480): GC_CONCURRENT freed 664K, 45% free 5234K/9351K, external 555K/1067K, paused 5ms+8ms
I/ActivityManager( 1480): Starting: Intent { act=android.intent.action.MAIN cat=[android.intent.category.HOME] flg=0x10200000 cmp=com.android.launcher/.Launcher } from pid 1480
W/IInputConnectionWrapper( 2045): showStatusIcon on inactive InputConnection
I/ActivityManager( 1480): Starting: Intent { act=com.android.launcher.action.launcheraction flg=0x10000000 cmp=com.android.launcher/.CustomShirtcutActivity bnds=[2,150][58,209] (has extras) } from pid 1957
W/InputManagerService( 1480): Window already focused, ignoring focus gain of: com.android.internal.view.IInputMethodClient$Stub$Proxy@40723b60
I/ActivityManager( 1480): Starting: Intent { act=android.intent.action.MAIN cat=[android.intent.category.LAUNCHER] flg=0x10200000 cmp=com.android.settings/.Settings } from pid 1957
I/ActivityManager( 1480): Starting: Intent { act=android.intent.action.MAIN cat=[android.intent.category.HOME] flg=0x10200000 cmp=com.android.launcher/.Launcher } from pid 1480
I/ActivityManager( 1480): Starting: Intent { act=com.android.launcher.action.launcheraction flg=0x10000000 cmp=com.android.launcher/.CustomShirtcutActivity bnds=[2,150][58,209] (has extras) } from pid 1957
W/InputManagerService( 1480): Window already focused, ignoring focus gain of: com.android.internal.view.IInputMethodClient$Stub$Proxy@40774ab8
I/ActivityManager( 1480): Starting: Intent { act=android.intent.action.MAIN cat=[android.intent.category.LAUNCHER] flg=0x10200000 cmp=com.android.settings/.Settings } from pid 1957
I/ActivityManager( 1480): Starting: Intent { act=android.intent.action.MAIN cmp=com.android.settings/.WirelessSettings } from pid 1733
D/ViewConsistency( 1733): AbsListView android.widget.ListView@4051f8c8 enabled= false
D/ViewConsistency( 1733): AbsListView android.widget.ListView@4051f8c8 enabled= false
I/ActivityManager( 1480): Displayed com.android.settings/.WirelessSettings: +503ms (total +9s492ms)
I/ActivityManager( 1480): Starting: Intent { act=android.intent.action.MAIN cmp=com.android.settings/.LanguageSettings } from pid 1733
D/ViewConsistency( 1733): AbsListView android.widget.ListView@405e16c8 enabled= false
D/ViewConsistency( 1733): AbsListView android.widget.ListView@405e16c8 enabled= false
D/ResourceType( 1733): calling getConfigurations
D/ResourceType( 1733): called getConfigurations size=268
D/dalvikvm( 1733): GC_CONCURRENT freed 344K, 46% free 3576K/6535K, external 333K/513K, paused 4ms+14ms
I/ActivityManager( 1480): Process com.google.android.partnersetup (pid 1942) has died.
I/ActivityManager( 1480): Displayed com.android.settings/.LanguageSettings: +764ms
I/ActivityManager( 1480): Starting: Intent { act=android.intent.action.MAIN cmp=com.android.inputmethod.latin/.LatinIMESettings } from pid 1733
D/ViewConsistency( 1600): AbsListView android.widget.ListView@40539980 enabled= false
D/ViewConsistency( 1600): AbsListView android.widget.ListView@40539980 enabled= false
D/dalvikvm( 1600): GC_CONCURRENT freed 1165K, 55% free 3020K/6663K, external 1252K/1333K, paused 8ms+7ms
I/ActivityManager( 1480): Displayed com.android.inputmethod.latin/.LatinIMESettings: +640ms
D/dalvikvm( 1981): GC_EXPLICIT freed 9K, 53% free 2695K/5639K, external 0K/0K, paused 68ms
I/ActivityManager( 1480): Starting: Intent { act=android.intent.action.MAIN cat=[android.intent.category.HOME] flg=0x10200000 cmp=com.android.launcher/.Launcher } from pid 1480
W/InputManagerService( 1480): Starting input on non-focused client com.android.internal.view.IInputMethodClient$Stub$Proxy@4064f6a0 (uid=10030 pid=1600)
I/ActivityManager( 1480): Starting: Intent { act=android.search.action.GLOBAL_SEARCH flg=0x14200000 pkg=com.google.android.googlequicksearchbox cmp=com.google.android.googlequicksearchbox/.SearchActivity bnds=[43,29][229,62] (has extras) } from pid -1
D/dalvikvm( 1967): GC_EXTERNAL_ALLOC freed 4K, 52% free 2757K/5703K, external 0K/0K, paused 78ms
D/ViewConsistency( 1967): AbsListView com.android.quicksearchbox.ui.SuggestionsView@40514770 enabled= false
D/ViewConsistency( 1967): AbsListView com.android.quicksearchbox.ui.SuggestionsView@40514770 enabled= false
I/ActivityManager( 1480): Process com.android.deskclock (pid 1788) has died.
D/dalvikvm( 1967): GC_CONCURRENT freed 306K, 48% free 2993K/5703K, external 169K/519K, paused 5ms+30ms
I/ActivityManager( 1480): Displayed com.google.android.googlequicksearchbox/.SearchActivity: +917ms
D/dalvikvm( 1480): GC_CONCURRENT freed 658K, 43% free 5334K/9351K, external 555K/1067K, paused 5ms+10ms
D/dalvikvm( 1967): GC_CONCURRENT freed 586K, 51% free 2963K/6023K, external 169K/519K, paused 4ms+5ms
D/dalvikvm( 1645): GC_CONCURRENT freed 475K, 53% free 3167K/6599K, external 198K/512K, paused 5ms+41ms
I/QSB.SuggestionProvider( 1967): Not connected to network.
D/dalvikvm( 1600): GC_EXTERNAL_ALLOC freed 271K, 55% free 3059K/6663K, external 1328K/1333K, paused 199ms
D/dalvikvm( 1480): GC_CONCURRENT freed 735K, 43% free 5402K/9351K, external 300K/812K, paused 5ms+19ms
D/LatinIME( 1600): mLongPressDelay = 400
D/LatinKeyboardBaseView( 1600): mLongPressDelay = 400
D/dalvikvm( 1967): GC_CONCURRENT freed 434K, 52% free 2916K/6023K, external 187K/519K, paused 5ms+10ms
D/PointerTracker( 1600): mLongPressKeyTimeout = 400
I/ActivityManager( 1480): Start proc com.android.browser for content provider com.android.browser/.BrowserProvider: pid=2174 uid=10005 gids={3003, 1015}
I/QSB.SuggestionProvider( 1967): Not connected to network.
I/ActivityManager( 1480): Process com.cyanogenmod.android.fotakill (pid 1811) has died.
I/ActivityThread( 2174): Pub browser: com.android.browser.BrowserProvider
D/dalvikvm( 2174): GC_CONCURRENT freed 375K, 52% free 2755K/5639K, external 0K/0K, paused 5ms+5ms
I/Database( 2174): sqlite returned: error code = 21, msg = misuse at line 103615 of [42537b6056]
E/Database( 2174): sqlite_config failed error_code = 21. THIS SHOULD NEVER occur.
I/BrowserSettings( 2174): Selected search engine: ActivitySearchEngine{android.app.SearchableInfo@40555d38}
I/QSB.SuggestionProvider( 1967): Not connected to network.
I/ActivityManager( 1480): Process com.cyanogenmod.cmparts (pid 1907) has died.
I/QSB.SuggestionProvider( 1967): Not connected to network.
I/QSB.SuggestionProvider( 1967): Not connected to network.
D/dalvikvm( 1967): GC_CONCURRENT freed 331K, 51% free 2979K/6023K, external 224K/519K, paused 4ms+5ms
I/QSB.SuggestionProvider( 1967): Not connected to network.
I/QSB.SuggestionProvider( 1967): Not connected to network.
D/dalvikvm( 1994): GC_EXPLICIT freed 94K, 52% free 2725K/5639K, external 0K/0K, paused 87ms
I/QSB.SuggestionProvider( 1967): Not connected to network.
I/QSB.SuggestionProvider( 1967): Not connected to network.
I/QSB.SuggestionProvider( 1967): Not connected to network.
W/InputManagerService( 1480): Starting input on non-focused client com.android.internal.view.IInputMethodClient$Stub$Proxy@4076e510 (uid=10056 pid=1967)
W/IInputConnectionWrapper( 1967): showStatusIcon on inactive InputConnection
I/ActivityManager( 1480): Starting: Intent { act=com.android.launcher.action.launcheraction flg=0x10000000 cmp=com.android.launcher/.CustomShirtcutActivity bnds=[2,150][58,209] (has extras) } from pid 1957
W/InputManagerService( 1480): Window already focused, ignoring focus gain of: com.android.internal.view.IInputMethodClient$Stub$Proxy@40722998
I/ActivityManager( 1480): Starting: Intent { act=android.intent.action.MAIN cat=[android.intent.category.LAUNCHER] flg=0x10200000 cmp=com.android.settings/.Settings } from pid 1957
I/ActivityManager( 1480): Starting: Intent { act=android.intent.action.MAIN cat=[android.intent.category.HOME] flg=0x10200000 cmp=com.android.launcher/.Launcher } from pid 1480
I/ActivityManager( 1480): Starting: Intent { act=android.search.action.GLOBAL_SEARCH flg=0x14200000 pkg=com.google.android.googlequicksearchbox cmp=com.google.android.googlequicksearchbox/.SearchActivity bnds=[43,29][229,62] (has extras) } from pid -1
D/ViewConsistency( 1967): AbsListView com.android.quicksearchbox.ui.SuggestionsView@40551c60 enabled= false
D/ViewConsistency( 1967): AbsListView com.android.quicksearchbox.ui.SuggestionsView@40551c60 enabled= false
I/QSB.SuggestionProvider( 1967): Not connected to network.
D/LatinIME( 1600): mLongPressDelay = 400
D/LatinKeyboardBaseView( 1600): mLongPressDelay = 400
D/PointerTracker( 1600): mLongPressKeyTimeout = 400
D/dalvikvm( 1967): GC_CONCURRENT freed 425K, 51% free 3002K/6023K, external 212K/519K, paused 6ms+18ms
I/ActivityManager( 1480): Displayed com.google.android.googlequicksearchbox/.SearchActivity: +678ms (total +4s660ms)
I/WindowManager( 1480): Setting rotation to 1, animFlags=1
I/ActivityManager( 1480): Config changed: { scale=1.0 imsi=216/30 loc=hu_HU touch=3 keys=2/1/1 nav=1/1 orien=2 layout=17 uiMode=17 seq=14 themeResource=null}
D/ViewConsistency( 1967): AbsListView com.android.quicksearchbox.ui.SuggestionsView@4053ccf0 enabled= false
D/ViewConsistency( 1967): AbsListView com.android.quicksearchbox.ui.SuggestionsView@4053ccf0 enabled= false
I/QSB.SuggestionProvider( 1967): Not connected to network.
W/SurfaceComposerClient( 1480): Destroying surface while a transaction is open. Client 0x2442a8: destroying surface 13, mTransactionOpen=1
W/KeyCharacterMap( 1967): No keyboard for id 0
W/KeyCharacterMap( 1967): Using default keymap: /system/usr/keychars/qwerty.kcm.bin
I/QSB.SuggestionProvider( 1967): Not connected to network.
D/dalvikvm( 1480): GC_EXPLICIT freed 779K, 45% free 5224K/9351K, external 300K/812K, paused 348ms
D/ViewConsistency( 1967): AbsListView com.android.internal.app.AlertController$RecycleListView@405aa530 enabled= false
D/ViewConsistency( 1967): AbsListView com.android.internal.app.AlertController$RecycleListView@405aa530 enabled= false
D/ViewConsistency( 1480): AbsListView com.android.internal.app.AlertController$RecycleListView@409049b8 enabled= false
D/ViewConsistency( 1480): AbsListView com.android.internal.app.AlertController$RecycleListView@409049b8 enabled= false
W/InputManagerService( 1480): Window already focused, ignoring focus gain of: com.android.internal.view.IInputMethodClient$Stub$Proxy@40706da8
I/ActivityManager( 1480): Start proc com.sonyericsson.android.textinput for service com.sonyericsson.android.textinput/.glue.InputMethodServiceGlue: pid=2198 uid=10049 gids={}
W/InputManagerService( 1480): Window already focused, ignoring focus gain of: com.android.internal.view.IInputMethodClient$Stub$Proxy@40772f00
D/installd( 1235): DexInv: --- BEGIN '/system/app/SuquashiInputMethod.apk' ---
D/dalvikvm( 2207): DexOpt: load 116ms, verify+opt 325ms
D/installd( 1235): DexInv: --- END '/system/app/SuquashiInputMethod.apk' (success) ---
D/dalvikvm( 2198): GC_CONCURRENT freed 408K, 51% free 2767K/5639K, external 0K/0K, paused 4ms+6ms
I/ActivityManager( 1480): Process com.android.voicedialer (pid 1868) has died.
D/dalvikvm( 2198): GC_EXTERNAL_ALLOC freed 136K, 49% free 2891K/5639K, external 0K/0K, paused 76ms
D/ViewConsistency( 2198): AbsListView com.sonyericsson.android.textinput.keyboard.KeyListPopup@405127c0 enabled= false
D/ViewConsistency( 2198): AbsListView com.sonyericsson.android.textinput.keyboard.KeyListPopup@405127c0 enabled= false
E/ZiEngine( 2198): OnLoad
E/ActivityThread( 2198): Failed to find provider info for com.sonyericsson.provider.customization
D/dalvikvm( 2198): GC_CONCURRENT freed 152K, 48% free 3017K/5703K, external 241K/513K, paused 4ms+4ms
D/dalvikvm( 2198): GC_EXTERNAL_ALLOC freed 4K, 48% free 3012K/5703K, external 241K/513K, paused 48ms
W/ResourceType( 2198): Entry identifier 0xd6 is larger than entry count 0xab
W/ResourceType( 2198): Entry identifier 0xd6 is larger than entry count 0xab
D/ViewConsistency( 2198): AbsListView com.sonyericsson.android.textinput.view.PopupListView@4053d040 enabled= false
W/ResourceType( 2198): Entry identifier 0xd6 is larger than entry count 0xab
D/ViewConsistency( 2198): AbsListView com.sonyericsson.android.textinput.view.PopupListView@4053d040 enabled= false
W/ResourceType( 2198): Entry identifier 0xd6 is larger than entry count 0xab
W/ResourceType( 2198): Entry identifier 0xd6 is larger than entry count 0xab
W/ResourceType( 2198): Entry identifier 0xd6 is larger than entry count 0xab
D/ViewConsistency( 2198): AbsListView com.sonyericsson.android.textinput.view.PopupListView@405741e8 enabled= false
D/ViewConsistency( 2198): AbsListView com.sonyericsson.android.textinput.view.PopupListView@405741e8 enabled= false
D/ViewConsistency( 2198): AbsListView com.sonyericsson.android.textinput.keyboard.KeyList@405994a8 enabled= false
D/ViewConsistency( 2198): AbsListView com.sonyericsson.android.textinput.keyboard.KeyList@405994a8 enabled= false
D/ViewConsistency( 2198): AbsListView com.sonyericsson.android.textinput.inputmethods.singletap.CandidateListView@405aa960 enabled= false
D/ViewConsistency( 2198): AbsListView com.sonyericsson.android.textinput.inputmethods.singletap.CandidateListView@405aa960 enabled= false
D/dalvikvm( 2198): GC_CONCURRENT freed 160K, 45% free 3336K/5959K, external 1003K/1053K, paused 4ms+7ms
D/ZiEngine( 2198): failed to open(/data/data/com.sonyericsson.android.textinput/files/uwd) error=No such file or directory (2)
D/ZiEngine( 2198): failed to open(/data/data/com.sonyericsson.android.textinput/files/pud0) error=No such file or directory (2)
D/ViewConsistency( 2198): AbsListView com.sonyericsson.android.textinput.keyboard.KeyListPopup@406127c8 enabled= false
D/ViewConsistency( 2198): AbsListView com.sonyericsson.android.textinput.keyboard.KeyListPopup@406127c8 enabled= false
D/ViewConsistency( 2198): AbsListView com.sonyericsson.android.textinput.keyboard.KeyList@406306a8 enabled= false
D/ViewConsistency( 2198): AbsListView com.sonyericsson.android.textinput.keyboard.KeyList@406306a8 enabled= false
I/dalvikvm( 2198): Jit: resizing JitTable from 512 to 1024
I/ActivityManager( 1480): Process android.process.media (pid 1723) has died.
D/dalvikvm( 2198): GC_CONCURRENT freed 411K, 46% free 3454K/6343K, external 1003K/1053K, paused 4ms+6ms
D/ViewConsistency( 2198): AbsListView com.sonyericsson.android.textinput.view.PopupListView@405d2b70 enabled= false
D/ViewConsistency( 2198): AbsListView com.sonyericsson.android.textinput.view.PopupListView@405d2b70 enabled= false
I/QSB.SuggestionProvider( 1967): Not connected to network.
D/dalvikvm( 1967): GC_CONCURRENT freed 334K, 49% free 3091K/6023K, external 247K/519K, paused 4ms+12ms
I/QSB.SuggestionProvider( 1967): Not connected to network.
I/QSB.SuggestionProvider( 1967): Not connected to network.
I/QSB.SuggestionProvider( 1967): Not connected to network.
I/QSB.SuggestionProvider( 1967): Not connected to network.
I/QSB.SuggestionProvider( 1967): Not connected to network.
I/QSB.SuggestionProvider( 1967): Not connected to network.
I/QSB.SuggestionProvider( 1967): Not connected to network.
I/QSB.SuggestionProvider( 1967): Not connected to network.
D/dalvikvm( 1967): GC_CONCURRENT freed 515K, 51% free 3005K/6023K, external 224K/519K, paused 5ms+7ms
D/HomeLoaders( 1957): aborting loaders
D/dalvikvm( 1957): GC_EXPLICIT freed 429K, 47% free 4111K/7751K, external 2547K/2674K, paused 112ms
D/ViewConsistency( 1957): AbsListView com.android.launcher.AllAppsGridView@4073ceb8 enabled= false
D/ViewConsistency( 1957): AbsListView com.android.launcher.AllAppsGridView@4073ceb8 enabled= false
D/HomeLoaders( 1957): load applications
D/HomeLoaders( 1957): --> applications loaded, return
D/HomeLoaders( 1957): loading user items in Thread[main,5,main]
D/HomeLoaders( 1957): --> items loaded, return
D/HomeLoaders( 1957): --> loading from cache: 13, 4
D/Launcher( 1957): ------> binding 13 items
D/Launcher( 1957): ------> binding 4 widgets
D/Launcher( 1957): ------> start binding items
D/ViewConsistency( 1957): AbsListView com.android.internal.app.AlertController$RecycleListView@406a1ad8 enabled= false
D/ViewConsistency( 1957): AbsListView com.android.internal.app.AlertController$RecycleListView@406a1ad8 enabled= false
W/InputManagerService( 1480): Starting input on non-focused client com.android.internal.view.IInputMethodClient$Stub$Proxy@4076e510 (uid=10056 pid=1967)
W/IInputConnectionWrapper( 1967): showStatusIcon on inactive InputConnection
W/KeyCharacterMap( 1957): No keyboard for id 0
W/KeyCharacterMap( 1957): Using default keymap: /system/usr/keychars/qwerty.kcm.bin
D/dalvikvm( 1957): GC_CONCURRENT freed 1342K, 49% free 4033K/7879K, external 2185K/2282K, paused 7ms+9ms
D/dalvikvm( 1957): GC_EXTERNAL_ALLOC freed 108K, 51% free 3925K/7879K, external 2038K/2282K, paused 66ms
I/WindowManager( 1480): Setting rotation to 0, animFlags=1
I/ActivityManager( 1480): Config changed: { scale=1.0 imsi=216/30 loc=hu_HU touch=3 keys=2/1/2 nav=1/1 orien=1 layout=17 uiMode=17 seq=15 themeResource=null}
D/ViewConsistency( 2198): AbsListView com.sonyericsson.android.textinput.keyboard.KeyListPopup@4053a710 enabled= false
D/ViewConsistency( 2198): AbsListView com.sonyericsson.android.textinput.keyboard.KeyListPopup@4053a710 enabled= false
D/HomeLoaders( 1957): aborting loaders
D/dalvikvm( 1957): GC_EXPLICIT freed 74K, 49% free 4028K/7879K, external 2090K/2282K, paused 134ms
D/ViewConsistency( 2198): AbsListView com.sonyericsson.android.textinput.keyboard.KeyList@4063da28 enabled= false
D/ViewConsistency( 2198): AbsListView com.sonyericsson.android.textinput.keyboard.KeyList@4063da28 enabled= false
D/dalvikvm( 2198): GC_CONCURRENT freed 671K, 49% free 3386K/6535K, external 1001K/1053K, paused 4ms+16ms
D/ViewConsistency( 1957): AbsListView com.android.launcher.AllAppsGridView@40593560 enabled= false
D/ViewConsistency( 1957): AbsListView com.android.launcher.AllAppsGridView@40593560 enabled= false
D/ViewConsistency( 2198): AbsListView com.sonyericsson.android.textinput.view.PopupListView@40572368 enabled= false
D/ViewConsistency( 2198): AbsListView com.sonyericsson.android.textinput.view.PopupListView@40572368 enabled= false
D/HomeLoaders( 1957): load applications
D/HomeLoaders( 1957): --> applications loaded, return
D/HomeLoaders( 1957): loading user items in Thread[main,5,main]
D/HomeLoaders( 1957): --> items loaded, return
D/HomeLoaders( 1957): --> loading from cache: 13, 4
D/Launcher( 1957): ------> binding 13 items
D/Launcher( 1957): ------> binding 4 widgets
D/Launcher( 1957): ------> start binding items
D/dalvikvm( 1957): GC_EXTERNAL_ALLOC freed 462K, 49% free 4079K/7879K, external 2278K/2282K, paused 151ms
D/ViewConsistency( 1957): AbsListView com.android.internal.app.AlertController$RecycleListView@40609ad8 enabled= false
D/dalvikvm( 1480): GC_CONCURRENT freed 540K, 44% free 5275K/9351K, external 471K/812K, paused 5ms+22ms
D/ViewConsistency( 1957): AbsListView com.android.internal.app.AlertController$RecycleListView@40609ad8 enabled= false
I/WindowManager( 1480): Setting rotation to 1, animFlags=1
I/ActivityManager( 1480): Config changed: { scale=1.0 imsi=216/30 loc=hu_HU touch=3 keys=2/1/1 nav=1/1 orien=2 layout=17 uiMode=17 seq=16 themeResource=null}
D/ViewConsistency( 2198): AbsListView com.sonyericsson.android.textinput.keyboard.KeyListPopup@406362b0 enabled= false
D/ViewConsistency( 2198): AbsListView com.sonyericsson.android.textinput.keyboard.KeyListPopup@406362b0 enabled= false
D/ViewConsistency( 2198): AbsListView com.sonyericsson.android.textinput.keyboard.KeyList@40636630 enabled= false
D/ViewConsistency( 2198): AbsListView com.sonyericsson.android.textinput.keyboard.KeyList@40636630 enabled= false
D/HomeLoaders( 1957): aborting loaders
D/dalvikvm( 1957): GC_EXPLICIT freed 456K, 49% free 4088K/7879K, external 2352K/2735K, paused 125ms
D/dalvikvm( 2198): GC_CONCURRENT freed 547K, 49% free 3364K/6535K, external 1001K/1053K, paused 4ms+6ms
